Calculate l(t).
3
Let u(m) = -3*m**2 + 4*m + 17*m**3 - 16*m**3 - 4 - 4*m. Calculate u(3).
-4
Let n(r) = 3*r + 6. Suppose 5*g - 40 = 4*d, d + 8 = 3*g - 9. Let x = -9 - -17. Let f be (-14)/g - 4/x. What is n(f)?
-6
Suppose -z - 17 = -12. Let f(g) = -g - 5. Give f(z).
0
Let q(v) be the second derivative of -2*v + 1/12*v**4 + 2/3*v**3 + 3*v**2 + 0. Let r be 0 + 2 - 4 - 2. Calculate q(r).
6
Let m(f) = f**2 - 1. Let o(g) = 3*g**2 + 6*g - 8. Let a(b) = 4*m(b) - o(b). Calculate a(6).
4
Suppose -5*b = -l - 13, -4*l + 3*l = b - 5. Let w = b - 1. Let h(a) = 1 - 2 - 6*a**w + 1. Determine h(-1).
-6
Let r(b) = 4*b**2 + 11*b + 7. Let l(u) = 3*u**2 + 10*u + 7. Let p(a) = 5*l(a) - 4*r(a). Calculate p(8).
-9
Let b be 2*21/12*2. Suppose -b = 5*a - 2. Let g(t) = -14*t**3 + 5*t**2 + 5*t - 5. Let x(h) = -7*h**3 + 2*h**2 + 2*h - 2. Let f(y) = 2*g(y) - 5*x(y). Give f(a).
-7
Let k be (-34)/(-4) - (-7)/(-14). Let a(f) = f**3 - 9*f**2 + 9*f - 2. What is a(k)?
6
Let m(q) = 37 - 17 - 17 - 3*q + q**3 - 4*q**2. Give m(4).
-9
Suppose -2*g = -5*g. Let l be ((-2)/(-4))/(2/24). Let y(h) = g - h + l*h + 1. Give y(-1).
-4
Suppose -3*r + r + 4*p = 6, 4*r + 12 = 5*p. Let u(c) = 5*c - 2. Determine u(r).
-17
Let c(s) = -s - 6. Suppose 2*g + 2*o = 0, 3*g - o + 3 = 23. What is c(g)?
-11
Let s(j) = -j**2 - 1. Let a(m) = 4*m**2 + m. Let l(d) = -a(d) - 5*s(d). Calculate l(0).
5
Let c = -3 - 1. Let j(y) be the second derivative of 5/2*y**2 + 0 + y + 1/6*y**3. Determine j(c).
1
Let g = -29 - -34. Let i(f) = -11*f - 2. Let z(v) = 5*v + 1. Suppose 2*m + 23 = -3*k, 2*k - 5*k - 15 = 0. Let h(x) = m*i(x) - 9*z(x). Calculate h(g).
-6
Suppose 4*c = -5*n + 17, 4*c + 17 = 3*n - 6. Let x = 3 - n. Let q(m) = 8*m + 7. Let a(b) = -7*b - 6. Let d(l) = 4*a(l) + 3*q(l). Calculate d(x).
5
Suppose 0 = 5*p - 3 - 12. Suppose -k - 4 = 2*h, -4*h - 6 = -0*k + p*k. Let b(c) = 2*c - 1. What is b(h)?
-7
Suppose 3*w = -3*w - 36. Let y(q) = q**2 + 6*q - 5. Calculate y(w).
-5
Let f be (-24)/(-4)*(-3)/(-6). Suppose 2*a - 3 = 2*h + 5, h = -f*a + 20. Let t(s) = -2*s + 4. Determine t(a).
-8
Let f = 9 + -6. Let g(h) = h**3 - 3*h**2 + 4. What is g(f)?
4
Let b(l) = -l**3 + 4*l**2 - 1 - 1 - 6*l**2. Let m be -2*(-8 - -10) - 1*-1. Give b(m).
7
Let z = 9 - 7. Let f(o) = z*o + 4 + o - o. Give f(3).
10
Let i(o) = -o**3 - o**2 + o + 7. Suppose -6*b = -11*b. What is i(b)?
7
Suppose 2*c - 4 = -2. Let b(f) = -1 - 5*f**2 + 3*f - 3*f + f. Give b(c).
-5
Suppose -4*w + 2*t = -t, 5*w - 23 = -2*t. Let g(x) = -x**2 - 7*x - 8. Let k be g(-6). Let u be (w/12)/(k/(-8)). Let a(j) = -8*j**2 - j. What is a(u)?
-9
Let b(f) be the second derivative of f**5/20 + 7*f**4/12 + f**3/3 + 3*f**2 - 36*f. Calculate b(-7).
-8
Let z(v) = v**2 + 2. Let q be z(0). Let o(i) = 10*i**2 - 3*i**2 + 9 - 12 - 10*i - i**3. Let f(m) = m**2 - m - 1. Let d(b) = 6*f(b) - o(b). What is d(q)?
9
Let s(u) = u + 1. Let q(n) = -n - 2. Let a(x) = -5*q(x) - 7*s(x). What is a(2)?
-1
Suppose 0 = g + 7 - 8. Let r(y) = -16*y**3 + 2*y**2 - 1. Give r(g).
-15
Let a(j) = -j**3 - j**2 + 6*j + 9. Let c(u) = -u**3 - 2*u**2 + 5*u + 8. Let n(k) = 2*a(k) - 3*c(k). Suppose 2*b + 8 = -0. Determine n(b).
6
Suppose -5*c - 20 = -5*g, -g - 4*c - 6 = -0. Let n(z) = z + 0*z - g*z. Let k be 1*(-1 + 2)*1. Determine n(k).
-1
Let c(b) = 2*b - 7. Suppose -u = -2*u - 3. Let n be 2*(0/(-3) - u). What is c(n)?
5
Let q(p) be the first derivative of p**6/120 + 2*p**5/15 + 7*p**4/24 + 2*p**3/3 + 5*p**2 - 9. Let i(b) be the second derivative of q(b). Give i(-7).
4
Suppose 0 = -2*i + 3 + 11. Let l(d) = 2*d - 8. What is l(i)?
6
Let v(b) = 5 - 20*b + 19*b - 5. Determine v(-6).
6
Suppose -4*g = -2*g - 10. Let q(c) = -c**2 + 6*c + 1. Give q(g).
6
Suppose h - 4*h - 3 = -3*c, -4*c = -5*h - 5. Let u(r) = r**3 + r**2 + r + 13. Determine u(c).
13
Suppose 0 = -2*z - m + 26, 5*z = 4*m + 57 - 5. Let l be 11/5 - 9/45. Let j(d) = -z*d + 12*d + d**l - 1 + d**3. What is j(-2)?
-5
Let k(v) = -v**2 + 5*v + 6. Let w(o) = -o**2 + 6*o + 7. Let t(x) = 6*k(x) - 5*w(x). Let l be t(0). Let s(c) = 7*c**3 + c**2 - c + 1. Give s(l).
8
Suppose -2*s - s = -3. Let w(z) = 6*z. Calculate w(s).
6
Suppose -5*o - 3*g = -4*g - 8, -5*o - 1 = 2*g. Let k be -5 + 1 + -2 - o. Let v = k + 4. Let u(i) = -i + 1. Determine u(v).
4
Let a(j) = -j**2 + j - 5. Let k = 14 + -14. Calculate a(k).
-5
Let f = -17 - -19. Let t(h) be the first derivative of -1 - 1/4*h**4 + 6*h - 2*h**3 + 0*h**f. Calculate t(-6).
6
Let a = 11 + -11. Let z(i) = 2*i**2 - i**2 + 3*i - 1 + a*i. Give z(-4).
3
Let c be -2*(75/10 - 4). Let j(p) = -p**3 - 6*p**2 + 7*p - 8. Calculate j(c).
-8
Let p(b) be the second derivative of 7*b**4/12 + b**3/6 + 2*b. Suppose w - 2*k + 3 = 6, 2*k = 4*w. Give p(w).
6
Let n(x) = -x - 1. Suppose -2*u - 17 = 5*c, 3*c = u + 3*u - 31. Let a = 0 - u. What is n(a)?
3
Let j(v) = v**2 - v + 5. Let u(l) = -l**2 - 7*l + 10. Let h = 17 + -25. Let f be u(h). Let t = f + -2. What is j(t)?
5
Let k(q) = q - 1. Let i be k(-6). Let a(d) = -d - 13. Calculate a(i).
-6
Let f(w) = 2*w - 6*w + 4*w - 4*w + w**2 - 2. Let b = 11 - 6. Determine f(b).
3
Let q(w) be the third derivative of w**6/90 + w**5/120 - w**4/3 - 4*w**2. Let l(f) be the second derivative of q(f). Calculate l(1).
9
Let o(s) be the second derivative of 1/20*s**5 + 0*s**4 + 1/6*s**3 - 3*s**2 + 0 + 2*s. Suppose 2*y - 5*j - 4 = 11, -2*y - 4*j = 12. Give o(y).
-6
Let q(f) be the third derivative of f**4/24 - 3*f**3/2 + 3*f**2. Give q(5).
-4
Let p(r) be the second derivative of r**5/20 - r**4/6 - r**3/3 - r**2/2 - 31*r. Calculate p(-2).
-13
Let j(y) = y**3 - 3*y**2 - 1. Let q be j(3). Let t(l) = -2*l - 12. Let v be -3 + (-5)/(20/8). Let d(s) = 1. Let p(k) = q*t(k) + v*d(k). Calculate p(-5).
-3
Let i(d) be the second derivative of d**4/12 - 2*d**3/3 + 2*d**2 + 2*d. Let r(l) = 3*l**2 - 12*l + 11. Let h(g) = -7*i(g) + 2*r(g). Calculate h(5).
-11
Suppose 0 = -2*c - 0*c + 5*b + 31, 2*c + 4 = -2*b. Let l(w) = -5*w - 2*w**3 - 4 - 5*w**2 - w**c + 2*w**3. Give l(-3).
-7
Let o(d) = -2*d**2. Let c(i) = -i**2 + 9*i - 9. Let l(w) = -c(w) + o(w). Calculate l(-8).
17
Let p(j) = -13*j + 11. Let v(a) = -6*a + 5. Let o(f) = -4*p(f) + 9*v(f). Give o(-2).
5
Suppose -2 = -3*d - 2*l, 14 = 6*d - 3*d - 4*l. Let n(f) = 3*f + 4 - 3*f + f**d - f - 5*f. Determine n(5).
-1
Let i = -78 + 75. Let r(s) = -s**2 + 3. Calculate r(i).
-6
Suppose -30*z = -27*z + 6. Let l(s) = s + 1. Calculate l(z).
-1
Let f(g) = -5*g**2 - g + 4. Let m(a) = 6*a**2 + a - 5. Let h(p) = 5*f(p) + 4*m(p). Suppose 0*l = -l - 2. Determine h(l).
-2
Let y = -7 - -4. Let n(o) be the first derivative of -3*o + 3*o + 2*o - 3 + 2*o**2. What is n(y)?
-10
Let i(z) be the second derivative of -z**5/20 - 7*z**4/12 - 4*z**3/3 - 4*z**2 + 6*z. Give i(-6).
4
Let n(v) be the second derivative of v**4/12 + v**3 + v**2 + 5*v. Let r(i) be the first derivative of n(i). What is r(-5)?
-4
Let x be (-15)/18*12/(-40). Let c(n) be the first derivative of -x*n**4 + n**2 + 4*n + 2/3*n**3 + 1. Give c(3).
1
Let b = 2 + -4. Let o be (b + 5)/3 + 2. Let l(j) = -7 - j**3 + j**o - 5*j**2 - j - j**3. Give l(-5).
-2
Let r(o) = -5*o**3 - 2*o**2 + 2. Let d(t) = -4*t**3 - 2*t**2 - t + 1. Let f(i) = -3*d(i) + 2*r(i). Give f(-2).
-13
Suppose 4*p = -h - 1, -4 = 4*p - 0. Let c(w) = -w**2 - 3*w**3 + w + h + 0*w**3 + 2*w**3 - 2*w**2. Calculate c(-3).
0
Let s(w) = 3*w**3 - 7*w**2 + 20*w + 17. Let k(u) = -u**3 + 4*u**2 - 10*u - 8. Let o(a) = 5*k(a) + 2*s(a). Calculate o(-7).
15
Let j be 5/2*((-76)/(-20) - 3). Let i(f) = f**2 + 2*f. Give i(j).
8
Let a = -10 - -15. Let b(w) = -w**3 - 6*w - 6*w**2 - 3*w**3 + 8 + 3*w**3 - a. What is b(-5)?
8
Let l(t) be the first derivative of -t**7/840 - t**6/60 - t**5/40 + t**4/4 + 3*t**3 - 3. Let j(g) be the third derivative of l(g). What is j(-5)?
-4
Let z(w) = w**3 + 5*w**2 - 7*w - 5. Let p = -30 + 24. Determine z(p).
1
Let j(n) = n + 9. Let b(g) = g**2 + 6*g - 4. Let q be b(-7). Let s = 1 + q. Suppose -2*c = -c + s. Give j(c).
5
Let r be (-16)/24 + (-28)/(-6). Let n(g) = 0 - 1 + 0 + r*g - 3*g - 2*g**3. Suppose -3*z = 6, 2*z = -5*d - z - 1. Calculate n(d).
-2
Let q(h) = -h**2 - 8*h - 2. Let r be q(-7). Let z = r - 10. Let p(k) = k**2 + 5*k - 7. Determine p(z).
-7
Let x(n) be the second derivative of -n**5/20 - n**4/4 + 5*n**3/6 + 5*n**2/2 + 5*n. What is x(-4)?
1
Let k(q) be the first derivativ